y 214.
183
What is the remainder when 6175 is divided by 503?
139
Calculate the remainder when 33912 is divided by 44.
32
Calculate the remainder when 1728 is divided by 344.
8
Calculate the remainder when 20942 is divided by 1608.
38
What is the remainder when 9801 is divided by 298?
265
Calculate the remainder when 813 is divided by 19.
15
Calculate the remainder when 28871 is divided by 9619.
14
What is the remainder when 16138 is divided by 47?
17
Calculate the remainder when 20568 is divided by 737.
669
What is the remainder when 8332 is divided by 85?
2
Calculate the remainder when 98370 is divided by 32.
2
What is the remainder when 2019 is divided by 233?
155
What is the remainder when 11308 is divided by 5652?
4
What is the remainder when 11235 is divided by 163?
151
Calculate the remainder when 9123 is divided by 338.
335
What is the remainder when 20167 is divided by 882?
763
Calculate the remainder when 12247 is divided by 174.
67
What is the remainder when 2470 is divided by 108?
94
What is the remainder when 22910 is divided by 271?
146
What is the remainder when 153 is divided by 1?
0
Calculate the remainder when 5974 is divided by 1622.
1108
Calculate the remainder when 38849 is divided by 374.
327
What is the remainder when 206958 is divided by 38?
10
Calculate the remainder when 532 is divided by 65.
12
Calculate the remainder when 380489 is divided by 7.
4
Calculate the remainder when 107830 is divided by 34.
16
What is the remainder when 174478 is divided by 48?
46
Calculate the remainder when 72033 is divided by 667.
664
What is the remainder when 11126 is divided by 556?
6
What is the remainder when 7577 is divided by 2172?
1061
Calculate the remainder when 2109664 is divided by 1443.
1441
Calculate the remainder when 1561148 is divided by 520374.
26
What is the remainder when 29646 is divided by 9882?
0
Calculate the remainder when 1469514 is divided by 490.
4
What is the remainder when 105645 is divided by 8?
5
What is the remainder when 12301 is divided by 198?
25
Calculate the remainder when 93126 is divided by 1058.
22
What is the remainder when 40592 is divided by 40395?
197
Calculate the remainder when 3595 is divided by 1796.
3
Calculate the remainder when 5196 is divided by 208.
204
What is the remainder when 186437 is divided by 62131?
44
Calculate the remainder when 519983 is divided by 276.
275
Calculate the remainder when 5921 is divided by 9.
8
What is the remainder when 2900394 is divided by 97?
94
Calculate the remainder when 20748 is divided by 6913.
9
Calculate the remainder when 2436 is divided by 377.
174
Calculate the remainder when 22171 is divided by 1169.
1129
Calculate the remainder when 78558 is divided by 162.
150
Calculate the remainder when 273634 is divided by 135.
124
What is the remainder when 1730 is divided by 350?
330
Calculate the remainder when 8611 is divided by 1568.
771
What is the remainder when 645 is divided by 366?
279
What is the remainder when 13265 is divided by 191?
86
Calculate the remainder when 84264 is divided by 84249.
15
Calculate the remainder when 213281 is divided by 55.
46
What is the remainder when 139445 is divided by 34828?
133
What is the remainder when 6093 is divided by 2674?
745
Calculate the remainder when 57868 is divided by 33.
19
Calculate the remainder when 9893 is divided by 220.
213
What is the remainder when 7172 is divided by 97?
91
Calculate the remainder when 7488 is divided by 2482.
42
What is the remainder when 8227 is divided by 8106?
121
Calculate the remainder when 349 is divided by 255.
94
Calculate the remainder when 152811 is divided by 1149.
1143
What is the remainder when 73319 is divided by 323?
321
Calculate the remainder when 1143 is divided by 702.
441
What is the remainder when 22332 is divided by 886?
182
Calculate the remainder when 3834 is divided by 61.
52
What is the remainder when 17793 is divided by 936?
9
Calculate the remainder when 5697 is divided by 29.
13
What is the remainder when 52426 is divided by 4?
2
What is the remainder when 264478 is divided by 435?
433
What is the remainder when 26215 is divided by 6534?
79
What is the remainder when 3666 is divided by 528?
498
Calculate the remainder when 11319 is divided by 941.
27
Calculate the remainder when 1637 is divided by 1438.
199
What is the remainder when 59866 is divided by 6?
4
What is the remainder when 19715 is divided by 9338?
1039
Calculate the remainder when 1428 is divided by 1318.
110
What is the remainder when 31588 is divided by 195?
193
What is the remainder when 942 is divided by 340?
262
What is the remainder when 10115 is divided by 1154?
883
Calculate the remainder when 2969 is divided by 808.
545
Calculate the remainder when 23400 is divided by 30.
0
Calculate the remainder when 101283 is divided by 101226.
57
What is the remainder when 2922 is divided by 73?
2
Calculate the remainder when 21435 is divided by 10685.
65
What is the remainder when 47755 is divided by 41?
31
Calculate the remainder when 2791 is divided by 2707.
84
Calculate the remainder when 332 is divided by 216.
116
Calculate the remainder when 28977 is divided by 35.
32
Calculate the remainder when 3518 is divided by 666.
188
What is the remainder when 2040904 is divided by 101?
98
What is the remainder when 22172 is divided by 67?
62
Calculate the remainder when 40600 is divided by 68.
4
What is the remainder when 111104 is divided by 55477?
150
What is the remainder when 34540 is divided by 960?
940
What is the remainder when 15144 is divided by 343?
52
Calculate the remainder when 375 is divided by 78.
63
Calculate the remainder when 98113 is divided by 444.
433
Calculate the remainder when 11804 is divided by 11797.
7
Calculate the remainder when 1504435 is divided by 597.
592
Calculate the remainder when 5020 is divided by 5007.
13
What is the remainder when 6829 is divided by 8?
5
What is the remainder when 1685 is divided by 1637?
48
What is the remainder when 315102 is divided by 86?
84
What is the remainder when 135723 is divided by 22?
5
Calculate the remainder when 2400018 is divided by 117.
114
What is the remainder when 20876 is divided by 650?
76
Calculate the remainder when 243205 is divided by 404.
401
Calculate the remainder when 3906 is divided by 197.
163
Calculate the remainder when 10344 is divided by 226.
174
What is the remainder when 1008159 is divided by 33605?
9
What is the remainder when 74269 is divided by 18566?
5
Calculate the remainder when 5162 is divided by 318.
74
What is the remainder when 17951 is divided by 10?
1
What is the remainder when 22287 is divided by 34?
17
Calculate the remainder when 187983 is divided by 187980.
3
What is the remainder when 44583 is divided by 9?
6
Calculate the remainder when 117428 is divided by 468.
428
What is the remainder when 281697 is divided by 75?
72
Calculate the remainder when 808152 is divided by 281.
277
Calculate the remainder when 822 is divided by 13.
3
Calculate the remainder when 7795 is divided by 4.
3
Calculate the remainder when 290425 is divided by 56.
9
Calculate the remainder when 124012 is divided by 17714.
14
Calculate the remainder when 51171 is divided by 3010.
1
What is the remainder when 268559 is divided by 32?
15
Calculate the remainder when 20135 is divided by 2514.
23
Calculate the remainder when 5243 is divided by 680.
483
Calculate the remainder when 8061 is divided by 3.
0
What is the remainder when 1598675 is divided by 399666?
11
What is the remainder when 4736 is divided by 947?
1
What is the remainder when 93608 is divided by 506?
504
What is the remainder when 23934 is divided by 1407?
15
Calculate the remainder when 598573 is divided by 598567.
6
Calculate the remainder when 11452 is divided by 3807.
31
Calculate the remainder when 43360 is divided by 517.
449
Calculate the remainder when 62785 is divided by 62778.
7
Calculate the remainder when 8750 is divided by 4347.
56
Calculate the remainder when 5492 is divided by 100.
92
What is the remainder when 4557 is divided by 197?
26
What is the remainder when 20528 is divided by 1828?
420
What is the remainder when 50219 is divided by 15?
14
Calculate the remainder when 64906 is divided by 6.
4
What is the remainder when 